t o(i) = -5*i - 38. Let w be o(-9). Suppose 4*j - 579 = 2*r - w*r, -5*j = 4*r - 726. What are the prime factors of j?
2, 73
Suppose -3*l - 3*k = -198006, l - 66006 = 81*k - 84*k. What are the prime factors of l?
2, 3, 5, 11
Suppose 0 = 5*m + 2*l - 76, -m + 4*l - 2 + 4 = 0. Let w be 2/7 + 66/m. What are the prime factors of ((-147)/(-9))/(w/15)?
7
Suppose -3*y = -u - 94816, -978*y + 5*u = -982*y + 126472. What are the prime factors of y?
2, 3, 439
Let z(p) = -5*p**2 + 1. Let b be z(-1). Let n(d) = -3*d**3 - 3*d**2 + 4*d + 12. List the prime factors of n(b).
2, 5, 7
Suppose 70*m - 12*m = 2*m + 626920. List the prime factors of m.
5, 2239
Let g = 71823 + -48584. What are the prime factors of g?
17, 1367
Let c be -1*(-102)/8*4. Suppose i - 64 = 5*i + r, 3*r - 63 = 3*i. Let f = c - i. List the prime factors of f.
2, 17
Suppose -7*g = -23991 + 1962. Suppose 7*b - 5197 = g. List the prime factors of b.
2, 149
Let x = -8262 - -25432. List the prime factors of x.
2, 5, 17, 101
Let y(o) = -o**2 - 17*o - 18. Suppose -d - 1 = -4*h, -5*h = -d + 6*d - 95. Suppose -2*p - 1 = d. List the prime factors of y(p).
2, 3
Let u(o) = 23*o + 90. Let m(l) = 20*l + 91. Let i(k) = 5*m(k) - 4*u(k). What are the prime factors of i(25)?
5, 59
Suppose 3*c + 7*z - 95 = 5*z, 3*c + 4*z = 103. Suppose 472 = -c*k + 31*k. Suppose 3*u = -u + k. What are the prime factors of u?
59
Let c(x) = 68*x**2 + x - 4. Let t be c(2). Let p be (-2808)/t - ((-2)/5 + 0). Let q(a) = -a**3 - 11*a**2 - 13*a - 19. List the prime factors of q(p).
11
Let t = -181 - -183. Suppose f + k + 580 = 4*f, -t*f + 386 = -k. What are the prime factors of f?
2, 97
Let v(y) = 5 + 5 + 157*y + 8 + 288*y - 138*y. List the prime factors of v(2).
2, 79
Let j(i) = 47*i + 30. Suppose 0 = 4*r - 4*h - 16, -2*h - 13 = -6*r + 3*r. What are the prime factors of j(r)?
5, 53
Suppose 258*h + 22 = 259*h. Suppose -14*b - 4752 = -h*b. List the prime factors of b.
2, 3, 11
Let k = 1227 - 729. Suppose 3*d + 639 = 2*n, -k + 176 = -n + d. What are the prime factors of n?
3, 109
Suppose 3*m + t + 768 = 0, 2*m + 1280 = -3*m - t. Let b = 155 + m. Let u = b - -169. What are the prime factors of u?
2, 17
Let a(n) = 2*n**2 + 38*n + 806. What are the prime factors of a(-73)?
2, 5, 11, 79
Suppose -3*q + 2*r + 21446 = 0, -3*q + 22533 = -r + 1088. List the prime factors of q.
2, 1787
Let z(t) = 5*t + 10. Let m be z(-2). Suppose -3*a - 9 = 0, m = -3*w - 2*a + 3704 - 983. List the prime factors of w.
3, 101
Let t be ((-24)/(-5))/(-2 + 36/20). Let w(s) = s**2 + 24*s - 27. Let a be w(t). List the prime factors of 6/a + (-1672)/(-72).
23
Suppose 49*p - 55142 = -30*p. What are the prime factors of p?
2, 349
Let p be 434/63 - 7 - (-24410)/18. Suppose 3*m - q = 801, -2*q + 21 = -5*m + p. List the prime factors of m.
3, 89
Let p be 7/(-28) - (-1002)/8. Suppose 0 = -2*f - p + 571. Let n = f + -125. List the prime factors of n.
2, 7
Let v(a) = -3 - 10*a + 41 - 2*a + 2*a. Let l be v(-17). Let s = -104 + l. What are the prime factors of s?
2, 13
Let z = 2880 - -5185. Suppose 0 = -8*o + z - 1169. List the prime factors of o.
2, 431
Let q(g) = -g - 24. Let w be q(-28). Suppose -i - 185 = 5*t - 11, w*t + 16 = 0. List the prime factors of i/4*(-8)/2.
2, 7, 11
Let q(d) be the first derivative of d**4/4 + 8*d**3 + 15*d**2/2 - 52*d + 68. What are the prime factors of q(-23)?
2, 3, 11
Suppose 4*p + 4*u = -40, 3*p + 6 + 26 = -4*u. Let o be (4 + 69)/(2/p*-2). Let s = o - 7. What are the prime factors of s?
139
Suppose -5*p = 4*v + 21 - 60, -5*v + 59 = -4*p. Suppose 12*w = v*w. Suppose w = -r + 217 - 55. What are the prime factors of r?
2, 3
Suppose -44 = -5*g + 41. Suppose -10*q = -g*q + 259. What are the prime factors of q?
37
Suppose 16*q - 167217 = -13*q + 29838. What are the prime factors of q?
3, 5, 151
Suppose 44*n - 2398 = -5*l + 46*n, n = -4*l + 1921. List the prime factors of l.
2, 3, 5
Suppose -3*k + 12 = -4*t, -4*k - k = -t - 20. Let m(f) = 2*f**2 + f - 3 - k + 1 + 0*f. What are the prime factors of m(8)?
2, 5, 13
Suppose -2*l + 4106 = -13370. List the prime factors of l.
2, 17, 257
Suppose -5*h - 5*b = -80, 5*h = -0*b + b + 74. Let p(o) = -24 + h - 3*o + 8. List the prime factors of p(-5).
2, 7
Suppose -277691 = -38*y + 162349. What are the prime factors of y?
2, 3, 5, 193
Let g = 3937 - 1792. List the prime factors of g.
3, 5, 11, 13
Let d(n) = -12*n**3 + 2*n**2 - 4*n + 6. Let h be d(2). List the prime factors of (95 + 0)/((-225)/h).
2, 19
Suppose -86*q - 132*q + 906018 = -44*q. List the prime factors of q.
41, 127
Let d(w) = 2*w**3 + 6*w**2 - 16*w - 4. Let k be d(-7). What are the prime factors of k/(-12) + (-4)/(-3)?
5
Let d(c) = 5*c**3 + 10*c**2 - 17*c - 9. Let r be d(-6). Let h = r + 971. What are the prime factors of h?
2, 43
Suppose -16893 = 6*a + 3591. Let q = 6780 + a. Suppose q = 13*i + 376. What are the prime factors of i?
2, 5, 23
Let r = -13 + 16. Suppose -5*y = -r*p - 107, -3 = -5*y + 2*y. List the prime factors of (-4)/(4/p + 0).
2, 17
Let t(l) = -491*l + 2. Let q be t(-2). Suppose -9*a = -7*a + q. What are the prime factors of ((-4)/3)/(((-56)/a)/(-7))?
2, 41
Let i(o) = -5*o**2 - 6*o - 1. Let z(m) = -m**3 - 16*m**2 - 19*m - 2. Let y(g) = 7*i(g) - 2*z(g). Let q be 2 + -1 - 3/(-1). List the prime factors of y(q).
61
Let s be -2*(-2691)/30 + (-4)/10. Suppose -3*n + s + 418 = 0. Suppose -5*o + 181 = -n. List the prime factors of o.
2, 19
Let w(o) = -30*o**3 - 5*o**2 + 2*o + 89. List the prime factors of w(-8).
7, 17, 127
Suppose 0 = -4*t + 11*t + 987. Let s = t - -346. List the prime factors of s.
5, 41
Let a(g) = -1 + 4*g**2 + g**2 - 9*g + 2*g**2 + 6 - 4*g**2. Let c be -10*1/(-2) - -1. What are the prime factors of a(c)?
59
Suppose 2*n + 643 + 345 = 0. Suppose 4*y - 2*x - 10 = 2752, -3*y = -3*x - 2064. Let t = y + n. What are the prime factors of t?
199
What are the prime factors of 256599/5 - -25*(-297)/4125?
2, 3, 2851
Let o = 16636 - -15245. What are the prime factors of o?
3, 10627
Let g(v) = -v**2 + 1. Let y(s) = 4*s**2 + 27*s - 10. Let c(i) = -3*g(i) - y(i). Let o = -405 + 387. What are the prime factors of c(o)?
13
Suppose 2*u = 2 + 6. Suppose 6 = 5*c - u*c. Suppose -508 = -c*n + 2*n. What are the prime factors of n?
127
Let z be (-24)/126*9 + 12/(-42). Let c(p) = -3*p**2 - 2*p + 2. Let x(l) = -2*l**2 - 3*l + 2. Let b(t) = -5*c(t) + 4*x(t). List the prime factors of b(z).
2, 3, 5
Let f be ((-13)/4)/((-13)/(-52)). Let b = f - -18. Suppose -12 = 3*y, -p - b*y + 183 - 21 = 0. What are the prime factors of p?
2, 7, 13
Suppose -17 = -3*c + h, 11 = 2*c - h - 2. Suppose t - c*p = 1, -2*p + 3*p = -3*t + 3. List the prime factors of (-111)/2*(-16)/24 + t.
2, 19
Let t = -44 - -43. Let g be (0 - t) + (-10256)/(-8) + -1. What are the prime factors of g/10 + (-3)/15?
2
Let c(g) = 847*g - 857. What are the prime factors of c(17)?
2, 3, 37, 61
Let v = -299 + 297. What are the prime factors of 3/v + 16995/22?
3, 257
What are the prime factors of 7*7817 + 512/(-112) + 28/49?
5, 31, 353
Let k(g) = -11*g**2 + 3*g + 29. Let n be k(-6). What are the prime factors of n/165*81*-3?
3, 7
Let c = -111 + 221. Let r = 168 - c. Suppose 750 = 4*p + r. List the prime factors of p.
173
List the prime factors of (-459)/51 + (5472 - -6).
3, 1823
Suppose 2*d + 5*c = 19 - 29, 2*d - 4*c = 8. Suppose 5*s + 4*t - 518 + 183 = d, -330 = -5*s - 3*t. List the prime factors of s.
3, 7
Let q be (-16)/24 - (0 + (-122)/3). What are the prime factors of (-6 - (-208)/q)/(4/(-270))?
2, 3
Let b = -16640 - -63965. What are the prime factors of b?
3, 5, 631
Suppose 4*g - 2368 = -k, -3*k + 2*k - 3*g = -2368. Let v = k + -1207. What are the prime factors of v?
3, 43
Let l(v) = -v**3 + 2*v - 1. Let a be l(1). Suppose -6*f + 15 = 3*j - 3*f, -5*j + 5*f + 25 = a. Suppose -y + j*y = 564. What are the prime factors of y?
3, 47
Let w(z) = -20*z + 45. Let b be w(30). List the prime factors of b/10*-2*1.
3, 37
Let x(z) = -z**3 + 68*z**2 + 17*z + 505. List the prime factors of x(64).
17977
Suppose -2*i = 4*i - 708. Let g be (i/(-2))/(-1 + 0). Let x = -35 + g. List the prime factors of x.
2, 3
Suppose 6*x + 84 = 4*p + 10*x, -4*p + 4*x = -108. Suppose p*i + 8*i = 43296. What are the prime factors of i?
3, 11, 41
Suppose -t - 204 = -5*d, 3*t + d + 101 + 527 = 0. Let u = -374 - t. Let c = -117 - u. W